d + 11 + 1. Suppose -2*h = -h - 2*v, 4*v = -l*h - 28. What is the units digit of 6*(6/h + 2)?
3
Let y be 2*(0 - 1) + 2. Suppose y = -6*p + p. Let w = p - -1. What is the units digit of w?
1
Let q = 30 + -2. What is the units digit of q?
8
Suppose -5*y + 8 - 18 = 0. Let q be 2 - ((-3)/3 + y). Let d = 7 - q. What is the units digit of d?
2
Let r be (6/4 - 1)*14. Let w = 5 - r. What is the units digit of (w + 0)*1 + 3?
1
Let w(a) = -13*a**2 + 15 + 0*a**3 + 13*a - 5*a**3 - 3*a**3 + 9*a**3. What is the tens digit of w(12)?
2
Suppose -2*u + 54 = -2*o, -2*u = -3*o - 25 - 32. Suppose 0 = -d - 3*d + u. What is the units digit of d?
6
Let p = 47 - -2. What is the units digit of p?
9
What is the units digit of 8/(-28) - 1795/(-35)?
1
Suppose -7*k + 237 = -120. What is the tens digit of k?
5
Suppose -8*f + 5*f = -117. What is the units digit of f?
9
Suppose -5*q = -48 - 37. Suppose -2*x = -5*m, -q = -4*x + 4*m - 5. Suppose x*n + 20 = 0, -o = -0*o + 5*n + 4. What is the units digit of o?
6
Let c = 2 + 4. Let h = 5 - c. What is the units digit of 6 - (h + 2 + -2)?
7
Let x(t) = 21*t - 72. What is the units digit of x(5)?
3
Suppose 9 + 13 = 2*v - 4*f, -4*f = 12. What is the units digit of v?
5
Let c(o) be the second derivative of o**4/12 - o**3/2 + 5*o**2/2 - o. Let i(k) = k**2 - k + 4. Let x be i(0). What is the units digit of c(x)?
9
Suppose -2*t - 5*n + 1 = -38, -51 = -3*t - 5*n. Let y = t - 3. Let b(v) = -v**3 + 8*v**2 + 11*v - 13. What is the units digit of b(y)?
5
Let z = 4 + 6. Let b = 8 + z. What is the units digit of b?
8
Let b = 6 + 8. What is the units digit of b?
4
Let s(h) = h**2 + 17*h - 16. What is the units digit of s(-18)?
2
Let u(z) = 6*z**3 + z**2 - 1. Let o be u(1). Suppose -2*a + o = -12. Suppose -2*t + 5*t - a = 0. What is the units digit of t?
3
Suppose 0 = a - 138 + 13. What is the tens digit of a?
2
Let o(w) be the second derivative of w**5/20 + 3*w**4/4 + w**3 - 9*w**2/2 - w. What is the units digit of o(-8)?
7
Suppose -4*j = -3*p - 5 + 37, -4*p + 5*j = -41. Suppose -3*t + 36 = p*l, 0 = -4*t - 3*l + 11 + 37. What is the tens digit of t?
1
Let x be ((-2)/(-3))/(2/12). Let r(h) = -h**3 + h**2 + 4*h + 2. Let j(o) = -o**2 + o. Let z(c) = -3*j(c) + r(c). What is the units digit of z(x)?
6
Let g = 9 - 39. Let s = 64 + g. What is the units digit of s?
4
Let x(a) = 2*a**2 - 6*a. Let m be x(4). Suppose 0 = -4*b + 4 + m. What is the units digit of b?
3
Suppose -34 - 2 = -6*y. What is the units digit of 2/(-6) + 134/y?
2
Suppose -5*v = 3*z - 30 - 224, -z - 144 = -3*v. What is the tens digit of v?
4
Suppose -60 = -4*t - d + 20, 0 = 2*t - 2*d - 30. What is the units digit of t?
9
Suppose 9 = -3*k + 3*h - 0*h, -2*k - 4*h = 30. What is the units digit of (-14)/(k/(7/2))?
7
Let p(l) = -3*l. Let y(d) = d + 5. Let q be y(-3). Let z be p(q). What is the units digit of 9*(8/z)/(-2)?
6
Let u(r) = r**3 - 6*r**2 + 6*r - 2. Let k be u(5). Let l be 7 + 5 + (-1 - 0). Suppose k*g - l = 2*g. What is the units digit of g?
1
Let n(u) = 3 + 4 - u + 7. Suppose 0 = 2*c - 6*c. What is the tens digit of n(c)?
1
Let z = -38 + 73. What is the tens digit of z?
3
Suppose 2 = 5*g + 7. What is the tens digit of 90/(2 + (-1 - g))?
4
Let y(m) = 11*m + 7. What is the units digit of y(3)?
0
Let v be 5/(-2 + 15/9). Let n = -10 - v. What is the units digit of (2 + 1)*n/3?
5
Suppose 0*j - 3*j + 6 = 0. What is the units digit of ((-3)/j)/((-3)/6)?
3
Suppose -4 = 2*t, -2*d = -0*d + 5*t. Suppose a = 2*q + d + 1, 2*q = 3*a - 10. What is the units digit of a?
2
Suppose 0*l = -4*l - 40. Let u be ((-18)/15)/((-3)/l). What is the tens digit of (u/6)/(4/(-78))?
1
Suppose 3*u - 24 - 18 = 0. What is the tens digit of u?
1
Let j = 1 - 1. Let a be (-2)/(-1 - 36/(-40)). Suppose 5*c - 3 - 17 = j, -4*c + a = 4*h. What is the units digit of h?
1
Let s = 32 - 21. What is the units digit of s?
1
Let o = 18 - 7. Suppose 37 + o = 4*p. What is the tens digit of p?
1
Suppose 0 = v - 23 + 4. What is the tens digit of v?
1
Let v be 55 + -3 + 28/4. Let u = v - 36. What is the units digit of u?
3
Suppose 996 = -0*v + 4*v. What is the units digit of v?
9
Suppose 15*s - 6*s - 612 = 0. What is the units digit of s?
8
Suppose -m = -5*w + 3*m - 80, 0 = -3*w - 2*m - 26. What is the units digit of ((-7)/4)/(3/w)?
7
Let r = 3 - -31. What is the units digit of r?
4
What is the units digit of (0 + 10)/(3 - (-402)/(-138))?
5
Let k be (4/(-8))/(3/(-42)). Suppose k*i - 6*i - 9 = 0. What is the units digit of i?
9
Suppose 5*n + 14 = 34. Suppose -11 = -5*f + n. What is the units digit of f?
3
Let p(m) = -5*m**2 - 9*m - 8. Let y(n) = -11*n**2 - 19*n - 17. Let z(t) = 13*p(t) - 6*y(t). Suppose -3*d + 0*d - 6 = 0. What is the units digit of z(d)?
8
Suppose 0 = -r - 4, 4*r = -d + 4*d - 25. Suppose a = d*i + 24, -2*a = -7*a + 5*i + 120. What is the tens digit of a?
2
Suppose -5*q + 0 = -20. Suppose 0 = q*p + 4. Let n = 5 + p. What is the units digit of n?
4
Let h = 1 - 6. Let g = h + 42. Suppose 4*o - g = 23. What is the units digit of o?
5
Let v be -2 - -17 - (-1)/(-1). Suppose u - 21 = -5*o, 0 = -4*o + 5*u + 54 - v. Suppose 2*y - o = 7. What is the units digit of y?
6
Suppose 21*o + 595 = 3745. What is the units digit of o?
0
Suppose 7*t - 3*t - 3*d = -48, 3*t + 36 = -5*d. Let a(y) = y**3 + 11*y**2 - 12*y + 17. What is the tens digit of a(t)?
1
Suppose -d + 9 + 11 = 0. What is the units digit of d?
0
Let l(c) = c**2 + 9*c - 2. Let x be l(-10). Suppose -2*u + 4 = -x. What is the units digit of u?
6
Suppose 2*l = -5*p + l + 294, 0 = -3*p + 3*l + 162. What is the units digit of p?
8
Let n = 44 - -53. What is the units digit of n?
7
Let z = -79 + 460. Suppose 76 = -5*d + z. Suppose 3*o - d + 7 = 0. What is the units digit of o?
8
Suppose 39 = -b + 4*b. Let y = b - 9. Suppose -49 + 17 = -y*f. What is the units digit of f?
8
Suppose 5*w + 3*u = -3 - 11, -2*u - 6 = 0. What is the units digit of 1 - 0 - (0 + w)?
2
Suppose -s + q = -2*s - 5, 0 = 2*s - 2*q + 6. Let a = -1 - s. What is the units digit of a?
3
Suppose 3*s = 3*n - 54, 2*s = -4*n + 71 - 17. Suppose -2*m + n = -7. What is the units digit of m?
1
Suppose -2*b + 2*u + 110 = -5*b, -4*u = -2*b - 84. Let a = -27 - b. What is the units digit of a?
1
Let r = -155 - -68. Let a = -47 - r. What is the units digit of a?
0
Let j(i) = -i - 4. Let v(m) = -m - 3. Let z(a) = 4*j(a) - 3*v(a). Let p be z(-5). What is the tens digit of 0 + p + (3 - -9)?
1
Let o = -190 - -285. What is the tens digit of o?
9
Let q = -8 + 12. Suppose -3*x - q + 67 = 0. What is the tens digit of x?
2
Let n(y) = -y + 2*y + 0*y + y + 4. What is the tens digit of n(4)?
1
Let y be (-1 + -2)/3 + 2. Let x be 2/y + -1 + 1. Suppose x*n = 0, 5*g + 3*n = n + 35. What is the units digit of g?
7
Suppose 5*w - 18 - 2 = 0. Let d be 48/(-30)*(-30)/w. What is the units digit of (d/(-14))/((-4)/28)?
6
Let x = -39 + 42. What is the units digit of x?
3
Suppose 200 = -3*k + 8*k. Suppose 4*n + n = k. What is the units digit of n?
8
Let o(i) = i**3 + 7*i**2 - i - 5. Let d be o(-7). Suppose -3*p - 2 - 1 = -d*g, -14 = -g - p. What is the units digit of g?
9
Let r(c) = -11*c - 33. What is the units digit of r(-18)?
5
Suppose -v + 48 = 2*v. What is the units digit of v?
6
Suppose 3*h + 5*w = 2, 5*h - 12 = -6*w + 2*w. Suppose -y = y - h. Suppose -y*i = 3 - 7. What is the units digit of i?
2
Let f be 1/6 - 34/(-12). Suppose -f*v - 3*g + 54 = 0, -3*v - 2*g + 34 = -4*g. What is the tens digit of v?
1
Let i(c) = 17*c - 3. Let r be i(4). Suppose -f - 2*f - 15 = -2*d, 3*d + 4*f - r = 0. What is the tens digit of d?
1
Let s(p) = p**3 - 10*p**2 + 10*p - 9. Let i be s(9). Suppose -3*k + 4*k - 4*n - 50 = i, -5*k - 4*n = -274. What is the units digit of k?
4
Suppose -4*n = 2*r + r - 28, 0 = 2*n + 3*r - 8. Suppose 0 = -5*i - 5*j + 65, n*j - 5*j + 25 = i. What is the tens digit of i?
1
Let x(q) be the first derivative of -15*q**2/2 - q - 3. Let i be x(-2). Suppose w = 3*j - i, -4*j + 0*w + 30 = 3*w. What is the units digit of j?
9
Let m(h) be the second derivative of 5/2*h**2 - 2*h + 1/6*h**3 + 0. What is the units digit of m(-3)?
2
Suppose 5*w - 4 = -5*r + 21, -2*r = w - 8. Suppose -u + 51 = w*u. What is the tens digit of u?
1
Let r(t) = t**3 - 7*t**2 + 6*t + 3. Let g be r(6). Suppose 2*n = a + n + 4, 0 = -g*a + 2*n - 10. Let s = 1 - a. What is t